{"id":11047,"date":"2020-07-16T08:42:39","date_gmt":"2020-07-16T07:42:39","guid":{"rendered":"http:\/\/www.fundaciontecnova.com\/?page_id=11047"},"modified":"2020-07-16T08:42:40","modified_gmt":"2020-07-16T07:42:40","slug":"cireteres-devaluation-des-fournisseurs","status":"publish","type":"page","link":"https:\/\/www.fundaciontecnova.com\/fr\/cireteres-devaluation-des-fournisseurs\/","title":{"rendered":"Ciret\u00e8res d\u2019\u00e9valuation des fournisseurs"},"content":{"rendered":"<div class=\"wpb-content-wrapper\"><p>[vc_row css_animation=\u00a0\u00bb\u00a0\u00bb row_type=\u00a0\u00bbrow\u00a0\u00bb use_row_as_full_screen_section=\u00a0\u00bbno\u00a0\u00bb type=\u00a0\u00bbfull_width\u00a0\u00bb angled_section=\u00a0\u00bbno\u00a0\u00bb text_align=\u00a0\u00bbleft\u00a0\u00bb background_image_as_pattern=\u00a0\u00bbwithout_pattern\u00a0\u00bb][vc_column][vc_column_text]Selon notre syst\u00e8me de gestion ISO 9001, nous vous montrons ci-dessous les crit\u00e8res d&rsquo;\u00e9valuation et de s\u00e9lection des fournisseurs que nous appliquons chez Tecnova:<\/p>\n<p>&nbsp;<\/p>\n<ul>\n<li>\u00c0 travers la certification de produits ou d\u2019entreprises<\/li>\n<li>\u00c0 travers des donn\u00e9es historiques<\/li>\n<li>Qualit\u00e9\/Prix<\/li>\n<li>Proximit\u00e9 au Centre<\/li>\n<li>\u00catre une entit\u00e9 associ\u00e9e<\/li>\n<li>D\u00e9cision de la Directrice g\u00e9n\u00e9rale<\/li>\n<li>\u00c0 travers des commandes \u00e0 l\u2019essai<\/li>\n<li>\u00c0 travers information or r\u00e9f\u00e9rences externes<\/li>\n<li>Collaborateurs de RDI<\/li>\n<li>Collecteurs de d\u00e9chets<\/li>\n<li>Entreprises d&rsquo;\u00e9talonnage d&rsquo;\u00e9quipement<\/li>\n<li>Sous-traitance d\u2019essais accr\u00e9dit\u00e9s<\/li>\n<li>Fournisseurs inter-comparaison<\/li>\n<\/ul>\n<p>[\/vc_column_text][vc_empty_space height=\u00a0\u00bb90px\u00a0\u00bb el_class=\u00a0\u00bbblk_spc\u00a0\u00bb][\/vc_column][\/vc_row]<\/p>\n<\/div>","protected":false},"excerpt":{"rendered":"<p>[vc_row css_animation=\u00a0\u00bb\u00a0\u00bb row_type=\u00a0\u00bbrow\u00a0\u00bb use_row_as_full_screen_section=\u00a0\u00bbno\u00a0\u00bb type=\u00a0\u00bbfull_width\u00a0\u00bb angled_section=\u00a0\u00bbno\u00a0\u00bb text_align=\u00a0\u00bbleft\u00a0\u00bb background_image_as_pattern=\u00a0\u00bbwithout_pattern\u00a0\u00bb][vc_column][vc_column_text]Selon notre syst\u00e8me de gestion ISO 9001, nous vous montrons ci-dessous les crit\u00e8res d&rsquo;\u00e9valuation et de s\u00e9lection des fournisseurs que nous appliquons chez Tecnova: &nbsp; \u00c0 travers la certification de produits ou d\u2019entreprises \u00c0 travers des donn\u00e9es historiques&#8230;<\/p>\n","protected":false},"author":1,"featured_media":0,"parent":0,"menu_order":0,"comment_status":"closed","ping_status":"closed","template":"","meta":{"content-type":"","footnotes":""},"class_list":["post-11047","page","type-page","status-publish","hentry"],"yoast_head":"<!-- This site is optimized with the Yoast SEO plugin v25.6 - https:\/\/yoast.com\/wordpress\/plugins\/seo\/ -->\n<title>Ciret\u00e8res d\u2019\u00e9valuation des fournisseurs &#187; Centro Tecnol\u00f3gico Tecnova<\/title>\n<meta name=\"robots\" content=\"index, follow, max-snippet:-1, max-image-preview:large, max-video-preview:-1\" \/>\n<link rel=\"canonical\" href=\"https:\/\/www.fundaciontecnova.com\/fr\/cireteres-devaluation-des-fournisseurs\/\" \/>\n<meta property=\"og:locale\" content=\"fr_FR\" \/>\n<meta property=\"og:type\" content=\"article\" \/>\n<meta property=\"og:title\" content=\"Ciret\u00e8res d\u2019\u00e9valuation des fournisseurs &#187; Centro Tecnol\u00f3gico Tecnova\" \/>\n<meta property=\"og:description\" content=\"[vc_row css_animation=\u00a0\u00bb\u00a0\u00bb row_type=\u00a0\u00bbrow\u00a0\u00bb use_row_as_full_screen_section=\u00a0\u00bbno\u00a0\u00bb type=\u00a0\u00bbfull_width\u00a0\u00bb angled_section=\u00a0\u00bbno\u00a0\u00bb text_align=\u00a0\u00bbleft\u00a0\u00bb background_image_as_pattern=\u00a0\u00bbwithout_pattern\u00a0\u00bb][vc_column][vc_column_text]Selon notre syst\u00e8me de gestion ISO 9001, nous vous montrons ci-dessous les crit\u00e8res d&rsquo;\u00e9valuation et de s\u00e9lection des fournisseurs que nous appliquons chez Tecnova: &nbsp; \u00c0 travers la certification de produits ou d\u2019entreprises \u00c0 travers des donn\u00e9es historiques...\" \/>\n<meta property=\"og:url\" content=\"https:\/\/www.fundaciontecnova.com\/fr\/cireteres-devaluation-des-fournisseurs\/\" \/>\n<meta property=\"og:site_name\" content=\"Centro Tecnol\u00f3gico Tecnova\" \/>\n<meta property=\"article:modified_time\" content=\"2020-07-16T07:42:40+00:00\" \/>\n<meta name=\"twitter:card\" content=\"summary_large_image\" \/>\n<meta name=\"twitter:label1\" content=\"Dur\u00e9e de lecture estim\u00e9e\" \/>\n\t<meta name=\"twitter:data1\" content=\"1 minute\" \/>\n<script type=\"application\/ld+json\" class=\"yoast-schema-graph\">{\"@context\":\"https:\/\/schema.org\",\"@graph\":[{\"@type\":\"WebPage\",\"@id\":\"https:\/\/www.fundaciontecnova.com\/fr\/cireteres-devaluation-des-fournisseurs\/\",\"url\":\"https:\/\/www.fundaciontecnova.com\/fr\/cireteres-devaluation-des-fournisseurs\/\",\"name\":\"Ciret\u00e8res d\u2019\u00e9valuation des fournisseurs &#187; Centro Tecnol\u00f3gico Tecnova\",\"isPartOf\":{\"@id\":\"https:\/\/www.fundaciontecnova.com\/#website\"},\"datePublished\":\"2020-07-16T07:42:39+00:00\",\"dateModified\":\"2020-07-16T07:42:40+00:00\",\"breadcrumb\":{\"@id\":\"https:\/\/www.fundaciontecnova.com\/fr\/cireteres-devaluation-des-fournisseurs\/#breadcrumb\"},\"inLanguage\":\"fr-FR\",\"potentialAction\":[{\"@type\":\"ReadAction\",\"target\":[\"https:\/\/www.fundaciontecnova.com\/fr\/cireteres-devaluation-des-fournisseurs\/\"]}]},{\"@type\":\"BreadcrumbList\",\"@id\":\"https:\/\/www.fundaciontecnova.com\/fr\/cireteres-devaluation-des-fournisseurs\/#breadcrumb\",\"itemListElement\":[{\"@type\":\"ListItem\",\"position\":1,\"name\":\"Portada\",\"item\":\"https:\/\/www.fundaciontecnova.com\/fr\/\"},{\"@type\":\"ListItem\",\"position\":2,\"name\":\"Ciret\u00e8res d\u2019\u00e9valuation des fournisseurs\"}]},{\"@type\":\"WebSite\",\"@id\":\"https:\/\/www.fundaciontecnova.com\/#website\",\"url\":\"https:\/\/www.fundaciontecnova.com\/\",\"name\":\"Centro Tecnol\u00f3gico Tecnova\",\"description\":\"Es el Centro Tecnol\u00f3gico de la Industria Auxiliar, Postcosecha y Envasado hortofrut\u00edcola. Trabaja en I+D+i, formaci\u00f3n, promoci\u00f3n e internacionalizaci\u00f3n\",\"publisher\":{\"@id\":\"https:\/\/www.fundaciontecnova.com\/#organization\"},\"potentialAction\":[{\"@type\":\"SearchAction\",\"target\":{\"@type\":\"EntryPoint\",\"urlTemplate\":\"https:\/\/www.fundaciontecnova.com\/?s={search_term_string}\"},\"query-input\":{\"@type\":\"PropertyValueSpecification\",\"valueRequired\":true,\"valueName\":\"search_term_string\"}}],\"inLanguage\":\"fr-FR\"},{\"@type\":\"Organization\",\"@id\":\"https:\/\/www.fundaciontecnova.com\/#organization\",\"name\":\"Fundaci\u00f3n Tecnova\",\"url\":\"https:\/\/www.fundaciontecnova.com\/\",\"logo\":{\"@type\":\"ImageObject\",\"inLanguage\":\"fr-FR\",\"@id\":\"https:\/\/www.fundaciontecnova.com\/#\/schema\/logo\/image\/\",\"url\":\"https:\/\/www.fundaciontecnova.com\/wp-content\/uploads\/2020\/04\/LOGO.png\",\"contentUrl\":\"https:\/\/www.fundaciontecnova.com\/wp-content\/uploads\/2020\/04\/LOGO.png\",\"width\":591,\"height\":299,\"caption\":\"Fundaci\u00f3n Tecnova\"},\"image\":{\"@id\":\"https:\/\/www.fundaciontecnova.com\/#\/schema\/logo\/image\/\"}}]}<\/script>\n<!-- \/ Yoast SEO plugin. -->","yoast_head_json":{"title":"Ciret\u00e8res d\u2019\u00e9valuation des fournisseurs &#187; Centro Tecnol\u00f3gico Tecnova","robots":{"index":"index","follow":"follow","max-snippet":"max-snippet:-1","max-image-preview":"max-image-preview:large","max-video-preview":"max-video-preview:-1"},"canonical":"https:\/\/www.fundaciontecnova.com\/fr\/cireteres-devaluation-des-fournisseurs\/","og_locale":"fr_FR","og_type":"article","og_title":"Ciret\u00e8res d\u2019\u00e9valuation des fournisseurs &#187; Centro Tecnol\u00f3gico Tecnova","og_description":"[vc_row css_animation=\u00a0\u00bb\u00a0\u00bb row_type=\u00a0\u00bbrow\u00a0\u00bb use_row_as_full_screen_section=\u00a0\u00bbno\u00a0\u00bb type=\u00a0\u00bbfull_width\u00a0\u00bb angled_section=\u00a0\u00bbno\u00a0\u00bb text_align=\u00a0\u00bbleft\u00a0\u00bb background_image_as_pattern=\u00a0\u00bbwithout_pattern\u00a0\u00bb][vc_column][vc_column_text]Selon notre syst\u00e8me de gestion ISO 9001, nous vous montrons ci-dessous les crit\u00e8res d&rsquo;\u00e9valuation et de s\u00e9lection des fournisseurs que nous appliquons chez Tecnova: &nbsp; \u00c0 travers la certification de produits ou d\u2019entreprises \u00c0 travers des donn\u00e9es historiques...","og_url":"https:\/\/www.fundaciontecnova.com\/fr\/cireteres-devaluation-des-fournisseurs\/","og_site_name":"Centro Tecnol\u00f3gico Tecnova","article_modified_time":"2020-07-16T07:42:40+00:00","twitter_card":"summary_large_image","twitter_misc":{"Dur\u00e9e de lecture estim\u00e9e":"1 minute"},"schema":{"@context":"https:\/\/schema.org","@graph":[{"@type":"WebPage","@id":"https:\/\/www.fundaciontecnova.com\/fr\/cireteres-devaluation-des-fournisseurs\/","url":"https:\/\/www.fundaciontecnova.com\/fr\/cireteres-devaluation-des-fournisseurs\/","name":"Ciret\u00e8res d\u2019\u00e9valuation des fournisseurs &#187; Centro Tecnol\u00f3gico Tecnova","isPartOf":{"@id":"https:\/\/www.fundaciontecnova.com\/#website"},"datePublished":"2020-07-16T07:42:39+00:00","dateModified":"2020-07-16T07:42:40+00:00","breadcrumb":{"@id":"https:\/\/www.fundaciontecnova.com\/fr\/cireteres-devaluation-des-fournisseurs\/#breadcrumb"},"inLanguage":"fr-FR","potentialAction":[{"@type":"ReadAction","target":["https:\/\/www.fundaciontecnova.com\/fr\/cireteres-devaluation-des-fournisseurs\/"]}]},{"@type":"BreadcrumbList","@id":"https:\/\/www.fundaciontecnova.com\/fr\/cireteres-devaluation-des-fournisseurs\/#breadcrumb","itemListElement":[{"@type":"ListItem","position":1,"name":"Portada","item":"https:\/\/www.fundaciontecnova.com\/fr\/"},{"@type":"ListItem","position":2,"name":"Ciret\u00e8res d\u2019\u00e9valuation des fournisseurs"}]},{"@type":"WebSite","@id":"https:\/\/www.fundaciontecnova.com\/#website","url":"https:\/\/www.fundaciontecnova.com\/","name":"Centro Tecnol\u00f3gico Tecnova","description":"Es el Centro Tecnol\u00f3gico de la Industria Auxiliar, Postcosecha y Envasado hortofrut\u00edcola. Trabaja en I+D+i, formaci\u00f3n, promoci\u00f3n e internacionalizaci\u00f3n","publisher":{"@id":"https:\/\/www.fundaciontecnova.com\/#organization"},"potentialAction":[{"@type":"SearchAction","target":{"@type":"EntryPoint","urlTemplate":"https:\/\/www.fundaciontecnova.com\/?s={search_term_string}"},"query-input":{"@type":"PropertyValueSpecification","valueRequired":true,"valueName":"search_term_string"}}],"inLanguage":"fr-FR"},{"@type":"Organization","@id":"https:\/\/www.fundaciontecnova.com\/#organization","name":"Fundaci\u00f3n Tecnova","url":"https:\/\/www.fundaciontecnova.com\/","logo":{"@type":"ImageObject","inLanguage":"fr-FR","@id":"https:\/\/www.fundaciontecnova.com\/#\/schema\/logo\/image\/","url":"https:\/\/www.fundaciontecnova.com\/wp-content\/uploads\/2020\/04\/LOGO.png","contentUrl":"https:\/\/www.fundaciontecnova.com\/wp-content\/uploads\/2020\/04\/LOGO.png","width":591,"height":299,"caption":"Fundaci\u00f3n Tecnova"},"image":{"@id":"https:\/\/www.fundaciontecnova.com\/#\/schema\/logo\/image\/"}}]}},"_links":{"self":[{"href":"https:\/\/www.fundaciontecnova.com\/fr\/wp-json\/wp\/v2\/pages\/11047","targetHints":{"allow":["GET"]}}],"collection":[{"href":"https:\/\/www.fundaciontecnova.com\/fr\/wp-json\/wp\/v2\/pages"}],"about":[{"href":"https:\/\/www.fundaciontecnova.com\/fr\/wp-json\/wp\/v2\/types\/page"}],"author":[{"embeddable":true,"href":"https:\/\/www.fundaciontecnova.com\/fr\/wp-json\/wp\/v2\/users\/1"}],"replies":[{"embeddable":true,"href":"https:\/\/www.fundaciontecnova.com\/fr\/wp-json\/wp\/v2\/comments?post=11047"}],"version-history":[{"count":1,"href":"https:\/\/www.fundaciontecnova.com\/fr\/wp-json\/wp\/v2\/pages\/11047\/revisions"}],"predecessor-version":[{"id":11048,"href":"https:\/\/www.fundaciontecnova.com\/fr\/wp-json\/wp\/v2\/pages\/11047\/revisions\/11048"}],"wp:attachment":[{"href":"https:\/\/www.fundaciontecnova.com\/fr\/wp-json\/wp\/v2\/media?parent=11047"}],"curies":[{"name":"wp","href":"https:\/\/api.w.org\/{rel}","templated":true}]}}

Ciretères d’évaluation des fournisseurs

<div class="wpb-content-wrapper"><p>[vc_row css_animation= » » row_type= »row » use_row_as_full_screen_section= »no » type= »full_width » angled_section= »no » text_align= »left » background_image_as_pattern= »without_pattern »][vc_column][vc_column_text]Selon notre système de gestion ISO 9001, nous vous montrons ci-dessous les critères d&rsquo;évaluation et de sélection des fournisseurs que nous appliquons chez Tecnova:</p>
<p>&nbsp;</p>
<ul>
<li>À travers la certification de produits ou d’entreprises</li>
<li>À travers des données historiques</li>
<li>Qualité/Prix</li>
<li>Proximité au Centre</li>
<li>Être une entité associée</li>
<li>Décision de la Directrice générale</li>
<li>À travers des commandes à l’essai</li>
<li>À travers information or références externes</li>
<li>Collaborateurs de RDI</li>
<li>Collecteurs de déchets</li>
<li>Entreprises d&rsquo;étalonnage d&rsquo;équipement</li>
<li>Sous-traitance d’essais accrédités</li>
<li>Fournisseurs inter-comparaison</li>
</ul>
<p>[/vc_column_text][vc_empty_space height= »90px » el_class= »blk_spc »][/vc_column][/vc_row]</p>
</div>

<p>[vc_row css_animation= » » row_type= »row » use_row_as_full_screen_section= »no » type= »full_width » angled_section= »no » text_align= »left » background_image_as_pattern= »without_pattern »][vc_column][vc_column_text]Selon notre système de gestion ISO 9001, nous vous montrons ci-dessous les critères d&rsquo;évaluation et de sélection des fournisseurs que nous appliquons chez Tecnova: &nbsp; À travers la certification de produits ou d’entreprises À travers des données historiques&#8230;</p>

<!-- This site is optimized with the Yoast SEO plugin v25.6 - https://yoast.com/wordpress/plugins/seo/ -->
<title>Ciretères d’évaluation des fournisseurs &#187; Centro Tecnológico Tecnova</title>
<meta name="robots" content="index, follow, max-snippet:-1, max-image-preview:large, max-video-preview:-1" />
<link rel="canonical" href="https://www.fundaciontecnova.com/fr/cireteres-devaluation-des-fournisseurs/" />
<meta property="og:locale" content="fr_FR" />
<meta property="og:type" content="article" />
<meta property="og:title" content="Ciretères d’évaluation des fournisseurs &#187; Centro Tecnológico Tecnova" />
<meta property="og:description" content="[vc_row css_animation= » » row_type= »row » use_row_as_full_screen_section= »no » type= »full_width » angled_section= »no » text_align= »left » background_image_as_pattern= »without_pattern »][vc_column][vc_column_text]Selon notre système de gestion ISO 9001, nous vous montrons ci-dessous les critères d&rsquo;évaluation et de sélection des fournisseurs que nous appliquons chez Tecnova: &nbsp; À travers la certification de produits ou d’entreprises À travers des données historiques..." />
<meta property="og:url" content="https://www.fundaciontecnova.com/fr/cireteres-devaluation-des-fournisseurs/" />
<meta property="og:site_name" content="Centro Tecnológico Tecnova" />
<meta property="article:modified_time" content="2020-07-16T07:42:40+00:00" />
<meta name="twitter:card" content="summary_large_image" />
<meta name="twitter:label1" content="Durée de lecture estimée" />
	<meta name="twitter:data1" content="1 minute" />
<script type="application/ld+json" class="yoast-schema-graph">{"@context":"https://schema.org","@graph":[{"@type":"WebPage","@id":"https://www.fundaciontecnova.com/fr/cireteres-devaluation-des-fournisseurs/","url":"https://www.fundaciontecnova.com/fr/cireteres-devaluation-des-fournisseurs/","name":"Ciretères d’évaluation des fournisseurs &#187; Centro Tecnológico Tecnova","isPartOf":{"@id":"https://www.fundaciontecnova.com/#website"},"datePublished":"2020-07-16T07:42:39+00:00","dateModified":"2020-07-16T07:42:40+00:00","breadcrumb":{"@id":"https://www.fundaciontecnova.com/fr/cireteres-devaluation-des-fournisseurs/#breadcrumb"},"inLanguage":"fr-FR","potentialAction":[{"@type":"ReadAction","target":["https://www.fundaciontecnova.com/fr/cireteres-devaluation-des-fournisseurs/"]}]},{"@type":"BreadcrumbList","@id":"https://www.fundaciontecnova.com/fr/cireteres-devaluation-des-fournisseurs/#breadcrumb","itemListElement":[{"@type":"ListItem","position":1,"name":"Portada","item":"https://www.fundaciontecnova.com/fr/"},{"@type":"ListItem","position":2,"name":"Ciretères d’évaluation des fournisseurs"}]},{"@type":"WebSite","@id":"https://www.fundaciontecnova.com/#website","url":"https://www.fundaciontecnova.com/","name":"Centro Tecnológico Tecnova","description":"Es el Centro Tecnológico de la Industria Auxiliar, Postcosecha y Envasado hortofrutícola. Trabaja en I+D+i, formación, promoción e internacionalización","publisher":{"@id":"https://www.fundaciontecnova.com/#organization"},"potentialAction":[{"@type":"SearchAction","target":{"@type":"EntryPoint","urlTemplate":"https://www.fundaciontecnova.com/?s={search_term_string}"},"query-input":{"@type":"PropertyValueSpecification","valueRequired":true,"valueName":"search_term_string"}}],"inLanguage":"fr-FR"},{"@type":"Organization","@id":"https://www.fundaciontecnova.com/#organization","name":"Fundación Tecnova","url":"https://www.fundaciontecnova.com/","logo":{"@type":"ImageObject","inLanguage":"fr-FR","@id":"https://www.fundaciontecnova.com/#/schema/logo/image/","url":"https://www.fundaciontecnova.com/wp-content/uploads/2020/04/LOGO.png","contentUrl":"https://www.fundaciontecnova.com/wp-content/uploads/2020/04/LOGO.png","width":591,"height":299,"caption":"Fundación Tecnova"},"image":{"@id":"https://www.fundaciontecnova.com/#/schema/logo/image/"}}]}</script>
<!-- / Yoast SEO plugin. -->

Ciretères d’évaluation des fournisseurs &#187; Centro Tecnológico Tecnova

[vc_row css_animation= » » row_type= »row » use_row_as_full_screen_section= »no » type= »full_width » angled_section= »no » text_align= »left » background_image_as_pattern= »without_pattern »][vc_column][vc_column_text]Selon notre système de gestion ISO 9001, nous vous montrons ci-dessous les critères d&rsquo;évaluation et de sélection des fournisseurs que nous appliquons chez Tecnova: &nbsp; À travers la certification de produits ou d’entreprises À travers des données historiques...

Centro Tecnológico Tecnova

Es el Centro Tecnológico de la Industria Auxiliar, Postcosecha y Envasado hortofrutícola. Trabaja en I+D+i, formación, promoción e internacionalización

Fundación Tecnova
